o - 0*o. Let u = o + -117. What is the greatest common factor of u and q?
4
Let h(o) = -11*o - 11. Let c be h(-3). Let z = 58 - c. What is the highest common factor of 4 and z?
4
Let c be 136/204 - 2/(12/(-38)). Suppose 35 = 3*g - c. Calculate the highest common factor of 70 and g.
14
Let o = -74 + 78. Suppose -236 = -5*f + 2*b, 0 = 4*b - 12 + o. What is the greatest common divisor of 6 and f?
6
Let m(q) = -q**2 + 13*q - 18. Let p be m(3). What is the highest common divisor of p and 28?
4
Let c = 66 + -15. Let m = 11114 - 11097. What is the greatest common factor of c and m?
17
Suppose -5*v + 338 = -2*w, v + 4*w - 54 = 18. Calculate the greatest common divisor of 340 and v.
68
Let y be 166 - 16/20*5. What is the highest common factor of 108 and y?
54
Let u(b) = -b**2 - 12*b - 14. Let z be u(-10). Suppose z*v - 340 = v. Suppose 0*a = k - a - 58, k - v = -4*a. Calculate the greatest common factor of 40 and k.
20
Suppose -10*c + 7*c = -660. Let i(l) = l**3 - 14*l**2 + 15*l - 6. Let a be i(13). What is the greatest common factor of c and a?
20
Suppose -a + 176 = 3*a. Suppose 8 = 2*q + 2*i, -2*i + 3 = -1. Let j be (-10 + q)*1/(-2). Calculate the greatest common factor of j and a.
4
Suppose -406 = 7*l + 1239. Suppose -u - 3*t = -350, -3*u + 5*t - 177 = -1157. Let w = u + l. Calculate the highest common divisor of 20 and w.
20
Let a = -101 - -266. What is the highest common divisor of 33 and a?
33
Let o be (3 - (10 - 8))/((-1)/(-48)). What is the highest common factor of o and 2256?
48
Suppose 8*f - 21 - 19 = 0. What is the highest common divisor of 65 and f?
5
Let l = 363 + 389. What is the highest common factor of 94 and l?
94
Let d be -3*(2/6 + -1). Suppose 0 = -d*l - 2*l + 24. Let c = 73 - 43. Calculate the highest common factor of l and c.
6
Suppose 14*f - 315 = -f. Let d(a) = 7*a**2. Let k be d(3). What is the highest common factor of f and k?
21
Suppose 11*h - 44 = 99. Calculate the greatest common factor of 117 and h.
13
Let c(o) = -o**2 - 6*o + 10. Let h be c(-8). Let l be 66/4*h/(-3). What is the highest common factor of l and 22?
11
Let a(d) = 34*d - 252. Let m be a(9). What is the greatest common factor of 216 and m?
54
Let c(g) = -2*g + 6. Let y be c(-6). Let a = -122 + 167. What is the highest common divisor of a and y?
9
Let k = -18 + 28. Suppose -4*j + 15 = 3*s, 5*s + 0*j = 5*j + 25. Suppose -2*c = -2*f + 84, -s*c + 10 = f - 20. Calculate the greatest common divisor of k and f.
10
Suppose 5*c - 16 = -1. Suppose c*z + 94 = 4*l, l + z + 2 = 22. Calculate the greatest common divisor of 176 and l.
22
Let q = 87 + -16. Let c = 101 - q. Calculate the greatest common factor of c and 270.
30
Let n(p) = p + 15. Let i be n(0). Let q = 3 + i. Let b(t) = 4*t**2 - 22*t + 3. Let x be b(7). What is the highest common factor of q and x?
9
Let u be (-5)/10*12*(-3 + 0). Suppose 0 = -u*y + 2*y + 128. Calculate the greatest common divisor of 6 and y.
2
Let h be (-4)/(-12) + 494/3. Calculate the highest common factor of 11 and h.
11
Let a = -151 + 372. What is the highest common divisor of 17 and a?
17
Suppose 5*m - 19 = -36*j + 35*j, -4*j + 2*m + 98 = 0. Let p = 2 + 214. What is the greatest common divisor of j and p?
24
Suppose 4*b - 2*g - 958 = 0, -g + 68 + 173 = b. Calculate the highest common factor of b and 300.
60
Let j(o) = o**3 + 12*o**2 + 9*o - 5. Let l be j(-11). Calculate the highest common divisor of 204 and l.
17
Let o(i) = i + 18. Let l be ((-1)/(-3))/(4/48). Suppose -l*c + 0*c = 32. Let x be o(c). Calculate the greatest common divisor of x and 40.
10
Let z be (-2241)/(-18)*((-10)/3 + 2). Let r be 18/72 + z/(-8). What is the highest common factor of r and 168?
21
Suppose 3*d + 6 = 0, -2*d = -5*n - 106 - 65. Let s = n - -57. Suppose -2*a = -5*a + 33. Calculate the greatest common divisor of a and s.
11
Let k(x) = -x**3 - x + 5. Let q be k(0). Suppose -3 = 8*b - q*b. Let n be b/(-2) - (-35)/2. Calculate the greatest common factor of 72 and n.
18
Suppose -5*w + 6*k = 11*k - 70, 0 = -w + 4*k + 34. Calculate the greatest common factor of 369 and w.
9
Suppose 12*u + 1951 = 2131. Calculate the highest common divisor of 15 and u.
15
Let z be (77/(-154))/(2/(-44)). What is the highest common factor of 176 and z?
11
Let d be ((-6)/9)/(-1 - 68/(-72)). Calculate the highest common factor of 492 and d.
12
Suppose o - 33 = 3*v, -2*o + 17 = -3*v - 13. Let d be ((-165)/(-20))/(v/(-16)). What is the greatest common divisor of 99 and d?
11
Let t = 189 - 185. Calculate the greatest common factor of 6 and t.
2
Let n(a) = -a**2 + 8*a + 7. Let y be n(7). Suppose 3306 = 5*u - 874. Suppose -7*h = -u - 46. What is the greatest common divisor of y and h?
14
Let v(h) = -h**3 + 6*h**2 + 7*h - 6. Let x be v(5). What is the greatest common factor of x and 486?
54
Let y = -1 - -3. Suppose 118 = 3*n + y*s, -s = -n - 3*s + 46. Let z = n + -32. What is the greatest common divisor of 2 and z?
2
Suppose -18 = -3*d + 30. Calculate the highest common divisor of 168 and d.
8
Let k(l) = -8*l - 144. Let r be k(-24). Let w(u) = 8*u + 8. Let m be w(8). What is the highest common factor of m and r?
24
Suppose -5*k = l - 31, -8 = -3*l + 4*k - 2*k. Calculate the greatest common divisor of 300 and l.
6
Let o = 93 + -87. Let g be -32*o/(-3) - 1. Calculate the highest common factor of g and 7.
7
Let y(j) = -11*j + 29. Let w be y(4). Let d be -2*2/12 - 125/w. Suppose 0*f = f - 20. What is the greatest common factor of f and d?
4
Let n = -253 - -386. What is the greatest common factor of n and 7?
7
Suppose -8*w - 9 = -5*w, 2*w = -3*l + 5946. What is the greatest common factor of 31 and l?
31
Let f(d) = 11 + 2*d - 13 + 20. Let r be f(0). Calculate the greatest common divisor of 6 and r.
6
Let q(c) be the second derivative of -c**5/20 - 11*c**4/12 + 3*c**3/2 - 4*c**2 - 5*c. Let v be q(-12). What is the greatest common divisor of 70 and v?
14
Suppose 4*v - 48 = 4*n, 2*v + 4*n = -v + 50. Let u(s) = -12*s - 32. Let q be u(-5). Calculate the highest common divisor of q and v.
14
Suppose -3*m - 4*y = -40 - 64, -2*m + 96 = -4*y. Suppose 0 = -10*h + 8*h. Suppose h = -d + 3 + 2. What is the greatest common factor of d and m?
5
Let m be 21/12 - 2/(-8). Suppose f = -c + 9, 4*f + m*c - 18 = 28. What is the greatest common divisor of 112 and f?
14
Let o = -33 - -35. Let i = 3 - 4. Let u(l) = 18*l**2 + l + 1. Let r be u(i). Calculate the greatest common divisor of r and o.
2
Let z(j) = -12*j - 68. Let k be z(-13). Suppose -22 = -d + h, -h = 5*d - 79 - 31. Calculate the greatest common divisor of k and d.
22
Suppose -a + 56 = 2*c, 2*a + a - c = 175. Let k = a - 46. Calculate the greatest common factor of k and 108.
12
Let l(m) = 9*m**2 + 2*m. Let c be l(-3). Suppose 22 + 3 = 5*v. Suppose -y + 99 = 4*u, v*u = 3*y - 2*y + 126. Calculate the highest common factor of c and u.
25
Let b(t) = -113*t**3 + 2*t**2 + 2*t. Let f be b(-1). Let s = f + -64. Calculate the highest common divisor of 7 and s.
7
Let y be 24 + 1/(3/(-12)). What is the highest common divisor of y and 20?
20
Let n(u) = -163*u**3 - u**2 + u + 1. Let m be n(-1). Let h = 0 + 18. What is the greatest common factor of m and h?
18
Suppose 1286 = 3*t + 2*n - 1458, 0 = -2*t + 5*n + 1861. Calculate the highest common divisor of t and 54.
54
Let k = 7 - 0. What is the greatest common factor of 1 and k?
1
Let k = -244 - -268. Calculate the highest common factor of k and 16.
8
Suppose -3*f = 3*p - 4*p - 795, -5*f = 2*p - 1314. Calculate the greatest common divisor of 33 and f.
33
Suppose -5*y + 303 = -37. Let k = y - 58. What is the highest common divisor of k and 70?
10
Let u be 406*2/4*3. Suppose 3*a = 7*a, -2*a = -3*k + u. Calculate the highest common factor of k and 29.
29
Suppose -72 = -4*r - 5*g, 3*r - 48 = -r + g. Suppose 4*w + 3*q - 159 = 0, -115 = -3*w + q + q. Calculate the highest common divisor of w and r.
13
Let c(h) = 2 - h + 0*h - 1. Let t be c(-3). Calculate the greatest common factor of 28 and t.
4
Let l = 177 - 143. Suppose 4*h = l + 110. What is the greatest common factor of h and 12?
12
Let c(l) = 5*l**2 + 34*l + 192. Let m be c(-8). What is the greatest common divisor of m and 75?
15
Let n(b) = -b + 1. Let p be n(-5). Suppose 0 = -5*g + 513 + 267. Suppose 4*o = o + 3*r + g, -4*r + 8 = 0. Calculate the greatest common factor of p a